{"id":3004,"date":"2023-11-12T13:38:22","date_gmt":"2023-11-12T12:38:22","guid":{"rendered":"https:\/\/new.choinkaonline.pl\/?post_type=product&#038;p=3004"},"modified":"2025-12-15T17:55:53","modified_gmt":"2025-12-15T16:55:53","slug":"jodla-kaukaska-w-donicy-trojmiasto","status":"publish","type":"product","link":"https:\/\/choinkaonline.pl\/gdansk\/kategoria\/jodla-kaukaska-w-donicy-trojmiasto\/","title":{"rendered":"Jod\u0142a kaukaska w donicy 100-160 cm | Tr\u00f3jmiasto"},"content":{"rendered":"<h1><strong>Jod\u0142a kaukaska w donicy<\/strong><\/h1>\n<p>Dostawa Jod\u0142y Kaukaskiej Premium w donicy to us\u0142uga, kt\u00f3ra pozwala cieszy\u0107 si\u0119 naturalnym pi\u0119knem \u015bwi\u0105t bez wysi\u0142ku. Nasze drzewka dostarczane w donicach, pochodz\u0105 z polskich plantacji, zapewniaj\u0105c wysok\u0105 jako\u015b\u0107 i trwa\u0142o\u015b\u0107. Ka\u017cda jod\u0142a kaukaska jest dostarczana bezpo\u015brednio do Twojego domu w Tr\u00f3jmie\u015bcie, dzi\u0119ki czemu nie musisz jej d\u017awiga\u0107 i czy\u015bci\u0107 auta lub ubra\u0144 z igie\u0142 i \u017cywicy. G\u0119sta jod\u0142a kaukaska w donicy mo\u017ce sta\u0107 si\u0119 centralnym punktem Twojej \u015bwi\u0105tecznej dekoracji, dodaj\u0105c domowemu wn\u0119trzu wyj\u0105tkowego uroku.<\/p>\n<p>Pami\u0119taj prosz\u0119, \u017ce jod\u0142y s\u0105 kopane do doniczek w setkach tysi\u0119cy w okresie przed\u015bwi\u0105tecznym. Niewielka cz\u0119\u015b\u0107 z nich mo\u017ce nie by\u0107 kopana idealnie w osi pionowej. Je\u015bli na zewn\u0105trz jest mr\u00f3z, jest nam niezwykle trudno, aby wyprostowa\u0107 tak\u0105 choink\u0119 przed przyjazdem do Ciebie, ale pami\u0119taj, \u017ce gdy tylko ziemia odmarznie, mo\u017cna b\u0119dzie j\u0105 wyprostowa\u0107. Pami\u0119taj te\u017c o podstawce pod doniczk\u0119!<\/p>\n<h2><strong>Czy warto wybra\u0107 jod\u0142\u0119 kaukask\u0105 w donicy?<\/strong><\/h2>\n<p>Jod\u0142y kaukaskie w doniczkach maj\u0105 wysoko\u015b\u0107 od 1 do 1,6 metra. Ich cech\u0105 s\u0105 delikatne ig\u0142y, kt\u00f3re sprawiaj\u0105, \u017ce choinka jest bezpieczna dla dzieci i domowych zwierz\u0105t. Jod\u0142a kaukaska wyr\u00f3\u017cnia si\u0119 g\u0119stymi, szeroko rozpostartymi ga\u0142\u0119ziami i trwa\u0142ymi ig\u0142ami, kt\u00f3re rzadko opadaj\u0105. Dla wielu os\u00f3b ma\u0142a \u017cywa choinka w doniczce stanowi idealn\u0105 alternatyw\u0119 dla tradycyjnej ci\u0119tej jod\u0142y.<\/p>\n<p>Jod\u0142a kaukaska ma g\u0142\u0119boki korze\u0144 palowy, kt\u00f3ry mo\u017ce ulec uszkodzeniu podczas przesadzania do doniczki. To naturalna cecha tego gatunku. Gdy \u017cywa choinka znajdzie si\u0119 w ciep\u0142ym wn\u0119trzu domu, mo\u017ce zacz\u0105\u0107 przyspiesza\u0107 swoje procesy \u017cyciowe, myl\u0105c ciep\u0142o domowe z nadej\u015bciem wiosny. Gdy spr\u00f3bujesz j\u0105 przesadzi\u0107 do swojego ogr\u00f3dka na zewn\u0105trz w styczniu lub lutym, szybkie zmiany temperatur mog\u0105 j\u0105 zdezorientowa\u0107. Zgodnie z do\u015bwiadczeniem plantator\u00f3w, tylko oko\u0142o 10-20% jode\u0142 w donicach przetrwa \u015bwi\u0119ta. M\u00f3wimy szczerze i otwarcie jak jest!<\/p>\n<p>Dbamy o Tw\u00f3j komfort, wi\u0119c dostarczymy wybran\u0105 choink\u0119 bezpo\u015brednio pod Tw\u00f3j adres, oszcz\u0119dzaj\u0105c Ci k\u0142opot\u00f3w z transportem. Je\u015bli masz jakiekolwiek specjalne \u017cyczenia dotycz\u0105ce Twojej choinki, prosimy o ich uwzgl\u0119dnienie w komentarzu do zam\u00f3wienia. Postaramy si\u0119 sprosta\u0107 Twoim oczekiwaniom.<\/p>\n<p>Nadal nie masz pewno\u015bci co do naszej us\u0142ugi lub samej jod\u0142y kaukaskiej? Jasna sprawa, my to rozumiemy. Nie kupuj kota w worku i sprawd\u017a opinie o nas.<\/p>\n<ul>\n<li><strong><a href=\"https:\/\/choinkaonline.pl\/gdansk\/strona\/kontakt\" target=\"_blank\" rel=\"noopener\">Napisz lub zadzwo\u0144.\u00a0<\/a>Z<\/strong><strong>\u00a0pewno\u015bci\u0105 rozwiejemy Twoje w\u0105tpliwo\u015bci!<\/strong><\/li>\n<\/ul>\n<p>Z nasz\u0105 ekip\u0119 zobaczysz si\u0119 przy dostawie choinki. Pami\u0119taj, dzie\u0144 i godziny dostawy wybierzesz w koszyku podczas sk\u0142adania zam\u00f3wienia.<\/p>\n","protected":false},"excerpt":{"rendered":"<p>Je\u015bli zale\u017cy Ci na wyj\u0105tkowym drzewku \u015bwi\u0105tecznym \u2013 wybierz jod\u0142\u0119 kaukask\u0105. Je\u015bli nie chcesz mie\u0107 w domu choinki ci\u0119tej, mamy dla Ciebie inn\u0105 propozycj\u0119: jest ni\u0105 <strong>jod\u0142a kaukaska w donicy<\/strong>. Twoja choinka przyjedzie do Ciebie z polskiej plantacji Pana Tomka lub Pana Romana. Dbaj\u0105 oni, aby choinki w doniczkach by\u0142y \u015bwie\u017co kopane oraz mia\u0142y maksymalnie du\u017c\u0105 bry\u0142\u0119 korzeniow\u0105. <strong>Jod\u0142\u0119 kaukask\u0105 w doniczce wybierzemy dla Ciebie w dniu dostawy, dostarczymy i wniesiemy pod wskazany adres w Tr\u00f3jmie\u015bcie, a Ty mo\u017cesz odpocz\u0105\u0107 i zaj\u0105\u0107 si\u0119 rzeczami najwa\u017cniejszymi.<\/strong><\/p>\n<p>Pami\u0119taj prosz\u0119, \u017ce jod\u0142y s\u0105 kopane do doniczek w setkach tysi\u0119cy w okresie przed\u015bwi\u0105tecznym. Niewielka cz\u0119\u015b\u0107 z nich mo\u017ce nie by\u0107 kopana do doniczki idealnie w osi pionowej. Je\u015bli na zewn\u0105trz jest mr\u00f3z, jest nam niezwykle trudno, aby wyprostowa\u0107 tak\u0105 choink\u0119 przed przyjazdem do Ciebie, ale pami\u0119taj, \u017ce gdy tylko ziemia odmarznie, mo\u017cna b\u0119dzie j\u0105 wyprostowa\u0107. Pami\u0119taj te\u017c o podstawce pod doniczk\u0119!<strong><br \/>\n<\/strong><\/p>\n","protected":false},"featured_media":8475,"comment_status":"open","ping_status":"closed","template":"","meta":{"site-sidebar-layout":"default","site-content-layout":"default","ast-site-content-layout":"default","site-content-style":"default","site-sidebar-style":"default","ast-global-header-display":"","ast-banner-title-visibility":"","ast-main-header-display":"","ast-hfb-above-header-display":"","ast-hfb-below-header-display":"","ast-hfb-mobile-header-display":"","site-post-title":"","ast-breadcrumbs-content":"","ast-featured-img":"","footer-sml-layout":"","theme-transparent-header-meta":"disabled","adv-header-id-meta":"","stick-header-meta":"","header-above-stick-meta":"","header-main-stick-meta":"","header-below-stick-meta":"","astra-migrate-meta-layouts":"set","ast-page-background-enabled":"default","ast-page-background-meta":{"desktop":{"background-color":"var(--ast-global-color-4)","background-image":"","background-repeat":"repeat","background-position":"center center","background-size":"auto","background-attachment":"scroll","background-type":"","background-media":"","overlay-type":"","overlay-color":"","overlay-opacity":"","overlay-gradient":""},"tablet":{"background-color":"","background-image":"","background-repeat":"repeat","background-position":"center center","background-size":"auto","background-attachment":"scroll","background-type":"","background-media":"","overlay-type":"","overlay-color":"","overlay-opacity":"","overlay-gradient":""},"mobile":{"background-color":"","background-image":"","background-repeat":"repeat","background-position":"center center","background-size":"auto","background-attachment":"scroll","background-type":"","background-media":"","overlay-type":"","overlay-color":"","overlay-opacity":"","overlay-gradient":""}},"ast-content-background-meta":{"desktop":{"background-color":"var(--ast-global-color-5)","background-image":"","background-repeat":"repeat","background-position":"center center","background-size":"auto","background-attachment":"scroll","background-type":"","background-media":"","overlay-type":"","overlay-color":"","overlay-opacity":"","overlay-gradient":""},"tablet":{"background-color":"var(--ast-global-color-5)","background-image":"","background-repeat":"repeat","background-position":"center center","background-size":"auto","background-attachment":"scroll","background-type":"","background-media":"","overlay-type":"","overlay-color":"","overlay-opacity":"","overlay-gradient":""},"mobile":{"background-color":"var(--ast-global-color-5)","background-image":"","background-repeat":"repeat","background-position":"center center","background-size":"auto","background-attachment":"scroll","background-type":"","background-media":"","overlay-type":"","overlay-color":"","overlay-opacity":"","overlay-gradient":""}}},"product_brand":[],"product_cat":[32,33,43,38,66],"product_tag":[],"class_list":{"0":"post-3004","1":"product","2":"type-product","3":"status-publish","4":"has-post-thumbnail","6":"product_cat-choinka-100-150cm","7":"product_cat-choinka-150-175cm-trojmiasto","8":"product_cat-choinka-w-doniczce-trojmiasto","9":"product_cat-jodla-kaukaska-trojmiasto","10":"product_cat-wszystkie","11":"desktop-align-left","12":"tablet-align-left","13":"mobile-align-left","14":"ast-product-gallery-layout-vertical","15":"ast-magnify-disabled","16":"ast-product-tabs-layout-vertical","18":"first","19":"outofstock","20":"sale","21":"taxable","22":"shipping-taxable","23":"purchasable","24":"product-type-simple"},"yoast_head":"<!-- This site is optimized with the Yoast SEO plugin v26.3 - https:\/\/yoast.com\/wordpress\/plugins\/seo\/ -->\n<title>Jod\u0142a kaukaska w donicy Gda\u0144sk, Gdynia, Sopot - Sprawd\u017a<\/title>\n<meta name=\"description\" content=\"Jod\u0142a kaukaska w donicy 2025 \u261b Pi\u0119kne i dorodne drzewka z dostaw\u0105 w Tr\u00f3jmie\u015bcie. Wybierz dogodny termin i ciesz si\u0119 choink\u0105. Zam\u00f3w online\" \/>\n<meta name=\"robots\" content=\"index, follow, max-snippet:-1, max-image-preview:large, max-video-preview:-1\" \/>\n<link rel=\"canonical\" href=\"https:\/\/choinkaonline.pl\/gdansk\/kategoria\/jodla-kaukaska-w-donicy-trojmiasto\/\" \/>\n<meta property=\"og:locale\" content=\"pl_PL\" \/>\n<meta property=\"og:type\" content=\"article\" \/>\n<meta property=\"og:title\" content=\"Jod\u0142a kaukaska w donicy Gda\u0144sk, Gdynia, Sopot - Sprawd\u017a\" \/>\n<meta property=\"og:description\" content=\"Jod\u0142a kaukaska w donicy 2025 \u261b Pi\u0119kne i dorodne drzewka z dostaw\u0105 w Tr\u00f3jmie\u015bcie. Wybierz dogodny termin i ciesz si\u0119 choink\u0105. Zam\u00f3w online\" \/>\n<meta property=\"og:url\" content=\"https:\/\/choinkaonline.pl\/gdansk\/kategoria\/jodla-kaukaska-w-donicy-trojmiasto\/\" \/>\n<meta property=\"og:site_name\" content=\"Choinki \u017cywe Gda\u0144sk 2025\" \/>\n<meta property=\"article:modified_time\" content=\"2025-12-15T16:55:53+00:00\" \/>\n<meta property=\"og:image\" content=\"https:\/\/choinkaonline.pl\/gdansk\/wp-content\/uploads\/2023\/11\/jodla_donica_1.jpg\" \/>\n\t<meta property=\"og:image:width\" content=\"1080\" \/>\n\t<meta property=\"og:image:height\" content=\"1080\" \/>\n\t<meta property=\"og:image:type\" content=\"image\/jpeg\" \/>\n<meta name=\"twitter:card\" content=\"summary_large_image\" \/>\n<meta name=\"twitter:label1\" content=\"Szacowany czas czytania\" \/>\n\t<meta name=\"twitter:data1\" content=\"3 minuty\" \/>\n<script type=\"application\/ld+json\" class=\"yoast-schema-graph\">{\"@context\":\"https:\/\/schema.org\",\"@graph\":[{\"@type\":\"WebPage\",\"@id\":\"https:\/\/choinkaonline.pl\/gdansk\/kategoria\/jodla-kaukaska-w-donicy-trojmiasto\/\",\"url\":\"https:\/\/choinkaonline.pl\/gdansk\/kategoria\/jodla-kaukaska-w-donicy-trojmiasto\/\",\"name\":\"Jod\u0142a kaukaska w donicy Gda\u0144sk, Gdynia, Sopot - Sprawd\u017a\",\"isPartOf\":{\"@id\":\"https:\/\/choinkaonline.pl\/gdansk\/#website\"},\"primaryImageOfPage\":{\"@id\":\"https:\/\/choinkaonline.pl\/gdansk\/kategoria\/jodla-kaukaska-w-donicy-trojmiasto\/#primaryimage\"},\"image\":{\"@id\":\"https:\/\/choinkaonline.pl\/gdansk\/kategoria\/jodla-kaukaska-w-donicy-trojmiasto\/#primaryimage\"},\"thumbnailUrl\":\"https:\/\/choinkaonline.pl\/gdansk\/wp-content\/uploads\/2023\/11\/jodla_donica_1.jpg\",\"datePublished\":\"2023-11-12T12:38:22+00:00\",\"dateModified\":\"2025-12-15T16:55:53+00:00\",\"description\":\"Jod\u0142a kaukaska w donicy 2025 \u261b Pi\u0119kne i dorodne drzewka z dostaw\u0105 w Tr\u00f3jmie\u015bcie. Wybierz dogodny termin i ciesz si\u0119 choink\u0105. Zam\u00f3w online\",\"breadcrumb\":{\"@id\":\"https:\/\/choinkaonline.pl\/gdansk\/kategoria\/jodla-kaukaska-w-donicy-trojmiasto\/#breadcrumb\"},\"inLanguage\":\"pl-PL\",\"potentialAction\":[{\"@type\":\"ReadAction\",\"target\":[\"https:\/\/choinkaonline.pl\/gdansk\/kategoria\/jodla-kaukaska-w-donicy-trojmiasto\/\"]}]},{\"@type\":\"ImageObject\",\"inLanguage\":\"pl-PL\",\"@id\":\"https:\/\/choinkaonline.pl\/gdansk\/kategoria\/jodla-kaukaska-w-donicy-trojmiasto\/#primaryimage\",\"url\":\"https:\/\/choinkaonline.pl\/gdansk\/wp-content\/uploads\/2023\/11\/jodla_donica_1.jpg\",\"contentUrl\":\"https:\/\/choinkaonline.pl\/gdansk\/wp-content\/uploads\/2023\/11\/jodla_donica_1.jpg\",\"width\":1080,\"height\":1080},{\"@type\":\"BreadcrumbList\",\"@id\":\"https:\/\/choinkaonline.pl\/gdansk\/kategoria\/jodla-kaukaska-w-donicy-trojmiasto\/#breadcrumb\",\"itemListElement\":[{\"@type\":\"ListItem\",\"position\":1,\"name\":\"Strona g\u0142\u00f3wna\",\"item\":\"https:\/\/choinkaonline.pl\/gdansk\/\"},{\"@type\":\"ListItem\",\"position\":2,\"name\":\"Sklep\",\"item\":\"https:\/\/choinkaonline.pl\/gdansk\/sklep\/\"},{\"@type\":\"ListItem\",\"position\":3,\"name\":\"Jod\u0142a kaukaska w donicy 100-160 cm | Tr\u00f3jmiasto\"}]},{\"@type\":\"WebSite\",\"@id\":\"https:\/\/choinkaonline.pl\/gdansk\/#website\",\"url\":\"https:\/\/choinkaonline.pl\/gdansk\/\",\"name\":\"Choinki \u017cywe Gda\u0144sk 2025\",\"description\":\"darmowa dostawa do domu\",\"potentialAction\":[{\"@type\":\"SearchAction\",\"target\":{\"@type\":\"EntryPoint\",\"urlTemplate\":\"https:\/\/choinkaonline.pl\/gdansk\/?s={search_term_string}\"},\"query-input\":{\"@type\":\"PropertyValueSpecification\",\"valueRequired\":true,\"valueName\":\"search_term_string\"}}],\"inLanguage\":\"pl-PL\"}]}<\/script>\n<!-- \/ Yoast SEO plugin. -->","yoast_head_json":{"title":"Jod\u0142a kaukaska w donicy Gda\u0144sk, Gdynia, Sopot - Sprawd\u017a","description":"Jod\u0142a kaukaska w donicy 2025 \u261b Pi\u0119kne i dorodne drzewka z dostaw\u0105 w Tr\u00f3jmie\u015bcie. Wybierz dogodny termin i ciesz si\u0119 choink\u0105. Zam\u00f3w online","robots":{"index":"index","follow":"follow","max-snippet":"max-snippet:-1","max-image-preview":"max-image-preview:large","max-video-preview":"max-video-preview:-1"},"canonical":"https:\/\/choinkaonline.pl\/gdansk\/kategoria\/jodla-kaukaska-w-donicy-trojmiasto\/","og_locale":"pl_PL","og_type":"article","og_title":"Jod\u0142a kaukaska w donicy Gda\u0144sk, Gdynia, Sopot - Sprawd\u017a","og_description":"Jod\u0142a kaukaska w donicy 2025 \u261b Pi\u0119kne i dorodne drzewka z dostaw\u0105 w Tr\u00f3jmie\u015bcie. Wybierz dogodny termin i ciesz si\u0119 choink\u0105. Zam\u00f3w online","og_url":"https:\/\/choinkaonline.pl\/gdansk\/kategoria\/jodla-kaukaska-w-donicy-trojmiasto\/","og_site_name":"Choinki \u017cywe Gda\u0144sk 2025","article_modified_time":"2025-12-15T16:55:53+00:00","og_image":[{"width":1080,"height":1080,"url":"https:\/\/choinkaonline.pl\/gdansk\/wp-content\/uploads\/2023\/11\/jodla_donica_1.jpg","type":"image\/jpeg"}],"twitter_card":"summary_large_image","twitter_misc":{"Szacowany czas czytania":"3 minuty"},"schema":{"@context":"https:\/\/schema.org","@graph":[{"@type":"WebPage","@id":"https:\/\/choinkaonline.pl\/gdansk\/kategoria\/jodla-kaukaska-w-donicy-trojmiasto\/","url":"https:\/\/choinkaonline.pl\/gdansk\/kategoria\/jodla-kaukaska-w-donicy-trojmiasto\/","name":"Jod\u0142a kaukaska w donicy Gda\u0144sk, Gdynia, Sopot - Sprawd\u017a","isPartOf":{"@id":"https:\/\/choinkaonline.pl\/gdansk\/#website"},"primaryImageOfPage":{"@id":"https:\/\/choinkaonline.pl\/gdansk\/kategoria\/jodla-kaukaska-w-donicy-trojmiasto\/#primaryimage"},"image":{"@id":"https:\/\/choinkaonline.pl\/gdansk\/kategoria\/jodla-kaukaska-w-donicy-trojmiasto\/#primaryimage"},"thumbnailUrl":"https:\/\/choinkaonline.pl\/gdansk\/wp-content\/uploads\/2023\/11\/jodla_donica_1.jpg","datePublished":"2023-11-12T12:38:22+00:00","dateModified":"2025-12-15T16:55:53+00:00","description":"Jod\u0142a kaukaska w donicy 2025 \u261b Pi\u0119kne i dorodne drzewka z dostaw\u0105 w Tr\u00f3jmie\u015bcie. Wybierz dogodny termin i ciesz si\u0119 choink\u0105. Zam\u00f3w online","breadcrumb":{"@id":"https:\/\/choinkaonline.pl\/gdansk\/kategoria\/jodla-kaukaska-w-donicy-trojmiasto\/#breadcrumb"},"inLanguage":"pl-PL","potentialAction":[{"@type":"ReadAction","target":["https:\/\/choinkaonline.pl\/gdansk\/kategoria\/jodla-kaukaska-w-donicy-trojmiasto\/"]}]},{"@type":"ImageObject","inLanguage":"pl-PL","@id":"https:\/\/choinkaonline.pl\/gdansk\/kategoria\/jodla-kaukaska-w-donicy-trojmiasto\/#primaryimage","url":"https:\/\/choinkaonline.pl\/gdansk\/wp-content\/uploads\/2023\/11\/jodla_donica_1.jpg","contentUrl":"https:\/\/choinkaonline.pl\/gdansk\/wp-content\/uploads\/2023\/11\/jodla_donica_1.jpg","width":1080,"height":1080},{"@type":"BreadcrumbList","@id":"https:\/\/choinkaonline.pl\/gdansk\/kategoria\/jodla-kaukaska-w-donicy-trojmiasto\/#breadcrumb","itemListElement":[{"@type":"ListItem","position":1,"name":"Strona g\u0142\u00f3wna","item":"https:\/\/choinkaonline.pl\/gdansk\/"},{"@type":"ListItem","position":2,"name":"Sklep","item":"https:\/\/choinkaonline.pl\/gdansk\/sklep\/"},{"@type":"ListItem","position":3,"name":"Jod\u0142a kaukaska w donicy 100-160 cm | Tr\u00f3jmiasto"}]},{"@type":"WebSite","@id":"https:\/\/choinkaonline.pl\/gdansk\/#website","url":"https:\/\/choinkaonline.pl\/gdansk\/","name":"Choinki \u017cywe Gda\u0144sk 2025","description":"darmowa dostawa do domu","potentialAction":[{"@type":"SearchAction","target":{"@type":"EntryPoint","urlTemplate":"https:\/\/choinkaonline.pl\/gdansk\/?s={search_term_string}"},"query-input":{"@type":"PropertyValueSpecification","valueRequired":true,"valueName":"search_term_string"}}],"inLanguage":"pl-PL"}]}},"_links":{"self":[{"href":"https:\/\/choinkaonline.pl\/gdansk\/wp-json\/wp\/v2\/product\/3004","targetHints":{"allow":["GET"]}}],"collection":[{"href":"https:\/\/choinkaonline.pl\/gdansk\/wp-json\/wp\/v2\/product"}],"about":[{"href":"https:\/\/choinkaonline.pl\/gdansk\/wp-json\/wp\/v2\/types\/product"}],"replies":[{"embeddable":true,"href":"https:\/\/choinkaonline.pl\/gdansk\/wp-json\/wp\/v2\/comments?post=3004"}],"wp:featuredmedia":[{"embeddable":true,"href":"https:\/\/choinkaonline.pl\/gdansk\/wp-json\/wp\/v2\/media\/8475"}],"wp:attachment":[{"href":"https:\/\/choinkaonline.pl\/gdansk\/wp-json\/wp\/v2\/media?parent=3004"}],"wp:term":[{"taxonomy":"product_brand","embeddable":true,"href":"https:\/\/choinkaonline.pl\/gdansk\/wp-json\/wp\/v2\/product_brand?post=3004"},{"taxonomy":"product_cat","embeddable":true,"href":"https:\/\/choinkaonline.pl\/gdansk\/wp-json\/wp\/v2\/product_cat?post=3004"},{"taxonomy":"product_tag","embeddable":true,"href":"https:\/\/choinkaonline.pl\/gdansk\/wp-json\/wp\/v2\/product_tag?post=3004"}],"curies":[{"name":"wp","href":"https:\/\/api.w.org\/{rel}","templated":true}]}}